 digit of 186466664?
1
What is the units digit of 284594590?
0
What is the ten thousands digit of 478856494?
5
What is the hundreds digit of 118936498?
4
What is the thousands digit of 266690335?
0
What is the hundred thousands digit of 178965156?
9
What is the hundred thousands digit of 202019219?
0
What is the hundred millions digit of 105343786?
1
What is the hundreds digit of 387186682?
6
What is the hundred thousands digit of 26683158?
6
What is the hundred thousands digit of 73195361?
1
What is the millions digit of 6164791142?
4
What is the ten millions digit of 3920755231?
2
What is the hundred thousands digit of 54641822?
6
What is the millions digit of 74841238?
4
What is the thousands digit of 16589916?
9
What is the ten millions digit of 10853182?
1
What is the tens digit of 496735854?
5
What is the units digit of 5710158941?
1
What is the thousands digit of 562044717?
4
What is the tens digit of 42321117?
1
What is the units digit of 154741943?
3
What is the thousands digit of 1262704510?
4
What is the ten millions digit of 219269482?
1
What is the thousands digit of 543478549?
8
What is the ten thousands digit of 1030847230?
4
What is the hundred millions digit of 555948100?
5
What is the ten millions digit of 1439913897?
3
What is the hundred thousands digit of 202990975?
9
What is the units digit of 1250471397?
7
What is the tens digit of 38979998?
9
What is the hundreds digit of 47822982?
9
What is the millions digit of 102277761?
2
What is the ten thousands digit of 34975352?
7
What is the hundred millions digit of 1145568790?
1
What is the billions digit of 1849115204?
1
What is the ten thousands digit of 41290835?
9
What is the billions digit of 6574750243?
6
What is the tens digit of 28671343?
4
What is the ten thousands digit of 174075672?
7
What is the hundreds digit of 64788030?
0
What is the tens digit of 628293896?
9
What is the hundred millions digit of 182810260?
1
What is the thousands digit of 295002561?
2
What is the millions digit of 28681484?
8
What is the units digit of 143801416?
6
What is the ten thousands digit of 233168936?
6
What is the hundred thousands digit of 831675129?
6
What is the hundred millions digit of 231268808?
2
What is the hundred millions digit of 669111925?
6
What is the tens digit of 27632457?
5
What is the hundred millions digit of 299698723?
2
What is the units digit of 2395988382?
2
What is the thousands digit of 108740633?
0
What is the hundred thousands digit of 1247213710?
2
What is the ten millions digit of 184361559?
8
What is the ten thousands digit of 152707897?
0
What is the tens digit of 138388727?
2
What is the millions digit of 1556655961?
6
What is the hundred thousands digit of 2639467861?
4
What is the millions digit of 17207814?
7
What is the hundred thousands digit of 15736487?
7
What is the units digit of 1052865024?
4
What is the units digit of 1135291586?
6
What is the ten thousands digit of 258914010?
1
What is the hundred millions digit of 223461124?
2
What is the hundreds digit of 98223785?
7
What is the hundred thousands digit of 1073398291?
3
What is the hundred thousands digit of 463990962?
9
What is the tens digit of 5425961?
6
What is the hundred thousands digit of 232969309?
9
What is the ten thousands digit of 2735386624?
8
What is the millions digit of 951396557?
1
What is the hundred thousands digit of 825728659?
7
What is the tens digit of 130144977?
7
What is the ten millions digit of 45118673?
4
What is the hundred thousands digit of 491446808?
4
What is the hundreds digit of 240179194?
1
What is the ten thousands digit of 214336924?
3
What is the units digit of 82869023?
3
What is the hundred thousands digit of 3179763413?
7
What is the hundred thousands digit of 140612889?
6
What is the billions digit of 1672838282?
1
What is the thousands digit of 222166711?
6
What is the ten millions digit of 1899446538?
9
What is the millions digit of 134281326?
4
What is the billions digit of 3741821713?
3
What is the hundreds digit of 3902309933?
9
What is the thousands digit of 355965237?
5
What is the hundred thousands digit of 43783226?
7
What is the millions digit of 27379322?
7
What is the hundreds digit of 59540391?
3
What is the tens digit of 110703892?
9
What is the thousands digit of 20774349?
4
What is the units digit of 39037368?
8
What is the thousands digit of 80730151?
0
What is the hundred thousands digit of 14483198?
4
What is the units digit of 64078983?
3
What is the millions digit of 147116535?
7
What is the hundred thousands digit of 67634789?
6
What is the thousands digit of 4037778565?
8
What is the hundred thousands digit of 169831686?
8
What is the millions digit of 150641956?
0
What is the billions digit of 8070367810?
8
What is the tens digit of 113421012?
1
What is the hundreds digit of 4066068363?
3
What is the hundred thousands digit of 158572141?
5
What is the millions digit of 6069556022?
9
What is the millions digit of 3459765076?
9
What is the ten thousands digit of 124768390?
6
What is the millions digit of 1003408858?
3
What is the hundred thousands digit of 1485729306?
7
What is the billions digit of 1151634322?
1
What is the hundreds digit of 197810538?
5
What is the hundred millions digit of 553666957?
5
What is the tens digit of 231377543?
4
What is the hundred thousands digit of 1317199787?
1
What is the ten thousands digit of 5224837813?
3
What is the millions digit of 334295587?
4
What is the millions digit of 5173618?
5
What is the thousands digit of 65033111?
3
What is the hundred thousands digit of 463372194?
3
What is the ten millions digit of 13473279?
1
What is the units digit of 813289?
9
What is the tens digit of 11787881?
8
What is the thousands digit of 2180879988?
9
What is the tens digit of 175622217?
1
What is the ten thousands digit of 25227698?
2
What is the tens digit of 2457363670?
7
What is the ten millions digit of 3420232761?
2
What is the hundred millions digit of 1867069690?
8
What is the hundred millions digit of 202539185?
2
What is the hundreds digit of 665823770?
7
What is the hundred thousands digit of 167250569?
2
What is the millions digit of 704958942?
4
What is the hundred thousands digit of 157210939?
2
What is the hundred thousands digit of 206054450?
0
What is the ten thousands digit of 13924514?
2
What is the millions digit of 214461514?
4
What is the tens digit of 409102315?
1
What is the units digit of 356945576?
6
What is the thousands digit of 21413526?
3
What is the hundred thousands digit of 24837135?
8
What is the millions digit of 1627787445?
7
What is the thousands digit of 206100448?
0
What is the ten millions digit of 3716743204?
1
What is the tens digit of 46901435?
3
What is the ten thousands digit of 2092894217?
9
What is the thousands digit of 59354064?
4
What is the thousands digit of 32601619?
1
What is the thousands digit of 234497448?
7
What is the millions digit of 111740225?
1
What is the units digit of 898394?
4
What is the ten millions digit of 3878712927?
7
What is the hundreds digit of 4058863?
8
What is the millions digit of 80045262?
0
What is the hundred millions digit of 1964079985?
9
What is the hundred millions digit of 224498788?
2
What is the units digit of 89115277?
7
What is the units digit of 141998971?
1
What is the hundreds digit of 736248492?
4
What is the ten millions digit of 704513613?
0
What is the ten millions digit of 38783482?
3
What is the tens digit of 4716643645?
4
What is the ten millions digit of 26782963?
2
What is the hundred thousands digit of 5421832983?
8
What is the ten millions digit of 1223412276?
2
What is the ten thousands digit of 690789890?
8
What is the ten thousands digit of 379910460?
1
What is the hundred thousands digit of 756614209?
6
What is the hundreds digit of 3050617129?
1
What is the units digit of 561931565?
5
What is the hundred millions digit of 1041692689?
0
What is the thousands digit of 763961032?
1
What is the units digit of 2817858472?
2
What is the units digit of 144395?
5
What is the hundred millions digit of 628192178?
6
What is the hundred thousands digit of 1418813563?
8
What is the thousands digit of 4615750483?
0
What is the ten millions digit of 40588126?
4
What is the hundreds digit of 1028